404?
302
Calculate the remainder when 2315 is divided by 2226.
89
What is the remainder when 3300 is divided by 19?
13
What is the remainder when 928 is divided by 899?
29
Calculate the remainder when 20515 is divided by 20.
15
Calculate the remainder when 7232 is divided by 185.
17
What is the remainder when 43429 is divided by 371?
22
Calculate the remainder when 501236 is divided by 12.
8
What is the remainder when 2080 is divided by 1427?
653
What is the remainder when 411 is divided by 46?
43
What is the remainder when 4715 is divided by 43?
28
What is the remainder when 157902 is divided by 558?
546
What is the remainder when 142661 is divided by 78?
77
Calculate the remainder when 2103 is divided by 68.
63
What is the remainder when 11663 is divided by 121?
47
Calculate the remainder when 559 is divided by 67.
23
Calculate the remainder when 33808 is divided by 196.
96
Calculate the remainder when 44625 is divided by 30.
15
What is the remainder when 48402 is divided by 9678?
12
Calculate the remainder when 53587 is divided by 432.
19
Calculate the remainder when 2468 is divided by 1.
0
Calculate the remainder when 47420 is divided by 4301.
109
What is the remainder when 84721 is divided by 1487?
1449
Calculate the remainder when 180047 is divided by 8573.
14
Calculate the remainder when 2307 is divided by 2103.
204
Calculate the remainder when 557629 is divided by 138.
109
Calculate the remainder when 4011 is divided by 1001.
7
What is the remainder when 28454 is divided by 3?
2
What is the remainder when 865 is divided by 217?
214
What is the remainder when 7385 is divided by 217?
7
Calculate the remainder when 155378 is divided by 71.
30
What is the remainder when 435578 is divided by 31?
28
What is the remainder when 3168 is divided by 746?
184
What is the remainder when 20465 is divided by 5100?
65
What is the remainder when 57248 is divided by 80?
48
What is the remainder when 1049 is divided by 348?
5
What is the remainder when 1426 is divided by 478?
470
Calculate the remainder when 5538 is divided by 620.
578
What is the remainder when 14572 is divided by 7248?
76
What is the remainder when 2987 is divided by 588?
47
Calculate the remainder when 47874 is divided by 15.
9
Calculate the remainder when 15925 is divided by 118.
113
Calculate the remainder when 2782 is divided by 69.
22
Calculate the remainder when 265 is divided by 80.
25
What is the remainder when 6585 is divided by 122?
119
Calculate the remainder when 9283 is divided by 227.
203
What is the remainder when 1679835 is divided by 83?
81
What is the remainder when 88086 is divided by 8?
6
Calculate the remainder when 87799 is divided by 43862.
75
What is the remainder when 318583 is divided by 201?
199
Calculate the remainder when 82232 is divided by 1827.
17
What is the remainder when 8788 is divided by 649?
351
Calculate the remainder when 16500 is divided by 750.
0
What is the remainder when 110902 is divided by 247?
246
What is the remainder when 11556 is divided by 130?
116
Calculate the remainder when 48070 is divided by 47.
36
Calculate the remainder when 1215 is divided by 766.
449
Calculate the remainder when 416957 is divided by 4.
1
What is the remainder when 871 is divided by 414?
43
What is the remainder when 19566 is divided by 10?
6
What is the remainder when 600531 is divided by 29?
28
What is the remainder when 15140 is divided by 409?
7
What is the remainder when 15543 is divided by 46?
41
Calculate the remainder when 3266805 is divided by 474.
471
Calculate the remainder when 45129 is divided by 3.
0
Calculate the remainder when 1180037 is divided by 33.
23
Calculate the remainder when 134 is divided by 63.
8
Calculate the remainder when 23816 is divided by 5927.
108
Calculate the remainder when 271858 is divided by 3441.
19
Calculate the remainder when 46235 is divided by 20.
15
Calculate the remainder when 1029 is divided by 20.
9
Calculate the remainder when 378247 is divided by 948.
943
What is the remainder when 5245 is divided by 516?
85
Calculate the remainder when 329690 is divided by 35.
25
What is the remainder when 91169 is divided by 9?
8
Calculate the remainder when 775 is divided by 339.
97
What is the remainder when 16729 is divided by 452?
5
Calculate the remainder when 56929 is divided by 1117.
1079
Calculate the remainder when 23514 is divided by 39.
36
Calculate the remainder when 35359 is divided by 45.
34
Calculate the remainder when 14159 is divided by 88.
79
Calculate the remainder when 428 is divided by 9.
5
Calculate the remainder when 351647 is divided by 1322.
1317
What is the remainder when 1741 is divided by 298?
251
Calculate the remainder when 7557 is divided by 135.
132
Calculate the remainder when 1427913 is divided by 267.
264
What is the remainder when 1299 is divided by 1246?
53
Calculate the remainder when 274693 is divided by 61.
10
Calculate the remainder when 532 is divided by 67.
63
Calculate the remainder when 81980 is divided by 450.
80
What is the remainder when 300064 is divided by 17?
14
What is the remainder when 1896052 is divided by 245?
242
Calculate the remainder when 16160 is divided by 1154.
4
What is the remainder when 47604 is divided by 47573?
31
Calculate the remainder when 26839 is divided by 3834.
1
What is the remainder when 24653 is divided by 39?
5
What is the remainder when 24533 is divided by 35?
33
Calculate the remainder when 494703 is divided by 607.
605
What is the remainder when 8844 is divided by 48?
12
What is the remainder when 37041 is divided by 373?
114
What is the remainder when 63710 is divided by 44?
42
Calculate the remainder when 21447 is divided by 325.
322
What is the remainder when 186928 is divided by 56?
0
What is the remainder when 5069 is divided by 1685?
14
Calculate the remainder when 580 is divided by 142.
12
Calculate the remainder when 84749 is divided by 21185.
9
Calculate the remainder when 498250 is divided by 865.
10
Calculate the remainder when 11886 is divided by 2964.
30
Calculate the remainder when 520 is divided by 201.
118
What is the remainder when 17839 is divided by 2486?
437
Calculate the remainder when 30348 is divided by 4334.
10
What is the remainder when 1317 is divided by 102?
93
What is the remainder when 54717 is divided by 6835?
37
Calculate the remainder when 141 is divided by 123.
18
Calculate the remainder when 751 is divided by 63.
58
What is the remainder when 141 is divided by 11?
9
What is the remainder when 193358 is divided by 42?
32
What is the remainder when 24329 is divided by 6066?
65
What is the remainder when 691324 is divided by 69132?
4
What is the remainder when 3425 is divided by 493?
467
What is the remainder when 2076 is divided by 691?
3
Calculate the remainder when 1824 is divided by 437.
76
Calculate the remainder when 28375 is divided by 28289.
86
What is the remainder when 6151 is divided by 1724?
979
What is the remainder when 2048812 is divided by 56?
52
Calculate the remainder when 48054 is divided by 15886.
396
Calculate the remainder when 3682 is divided by 371.
343
What is the remainder when 2456 is divided by 812?
20
Calculate the remainder when 27941 is divided by 1218.
1145
Calculate the remainder when 785399 is divided by 35.
34
Calculate the remainder when 2394989 is divided by 801.
800
What is the remainder when 24157 is divided by 228?
217
Calculate the remainder when 13785 is divided by 1252.
13
What is the remainder when 27391 is divided by 7?
0
What is the remainder when 8624 is divided by 19?
17
Calculate the remainder when 66890 is divided by 787.
782
Calculate the remainder when 422 is divided by 397.
25
Calculate the remainder when 754767 is divided by 66.
57
What is the remainder when 23917 is divided by 228?
205
Calculate the remainder when 112366 is divided by 274.
26
Calculate the remainder when 3061 is divided by 288.
181
Calculate the remainder when 15621 is divided by 71.
1
What is the remainder when 345124 is divided by 812?
24
What is the remainder when 956380 is divided by 19?
15
Calculate the remainder when 1322 is divided by 340.
302
What is the remainder when 1378 is divided by 437?
67
Calculate the remainder when 698374 is divided by 20540.
14
What is the remainder when 1